 12.
4
What is the highest common divisor of 13 and 131287?
13
What is the greatest common divisor of 164 and 441488?
164
Calculate the highest common factor of 892695 and 15.
15
Calculate the highest common factor of 5662 and 4313.
19
Calculate the highest common divisor of 8 and 114448.
8
What is the highest common factor of 493 and 1569712?
493
What is the greatest common divisor of 6 and 14097?
3
What is the highest common divisor of 9776 and 40976?
208
What is the highest common divisor of 4 and 12334?
2
Calculate the greatest common divisor of 186622 and 92.
46
Calculate the highest common factor of 4 and 270720.
4
Calculate the highest common divisor of 100 and 1838500.
100
What is the greatest common divisor of 5040 and 694890?
630
What is the greatest common factor of 3720 and 293105?
155
What is the highest common factor of 291 and 26869?
97
What is the highest common divisor of 16 and 74856?
8
Calculate the highest common divisor of 137324 and 110.
22
Calculate the highest common divisor of 2860 and 91065.
65
Calculate the highest common divisor of 874 and 79971.
437
What is the greatest common factor of 268338 and 84?
42
What is the greatest common factor of 340 and 15742?
34
Calculate the greatest common factor of 359566 and 74.
74
What is the greatest common divisor of 1411575 and 87?
87
What is the highest common divisor of 501773 and 1057?
151
What is the greatest common factor of 35306 and 889?
127
What is the highest common divisor of 2235 and 8493?
447
Calculate the highest common factor of 1983167 and 59.
59
Calculate the greatest common factor of 685113 and 99.
33
Calculate the greatest common divisor of 7839 and 63.
9
Calculate the greatest common divisor of 419480 and 80.
40
What is the greatest common divisor of 873 and 2889?
9
What is the greatest common factor of 67193 and 1624?
203
Calculate the greatest common divisor of 311049 and 255.
51
Calculate the highest common divisor of 1750 and 309050.
350
What is the highest common factor of 103 and 386868?
103
What is the greatest common factor of 19239 and 2703?
159
What is the highest common divisor of 49929 and 62832?
561
What is the highest common factor of 22 and 16126?
22
Calculate the greatest common factor of 12 and 568728.
12
What is the greatest common factor of 2935 and 434967?
587
What is the greatest common divisor of 697 and 153?
17
What is the highest common factor of 10 and 17846?
2
Calculate the highest common factor of 70524 and 3996.
108
What is the highest common factor of 50728 and 80?
8
Calculate the greatest common factor of 620 and 2449.
31
What is the greatest common divisor of 1708 and 307013?
427
Calculate the highest common divisor of 72 and 120984.
24
Calculate the greatest common factor of 109366 and 60922.
734
Calculate the highest common divisor of 756 and 113940.
108
What is the highest common divisor of 14 and 170723?
7
What is the highest common divisor of 240 and 10980?
60
What is the greatest common factor of 173456 and 192?
16
What is the greatest common divisor of 9352 and 385436?
668
What is the greatest common divisor of 248 and 339574?
62
What is the highest common divisor of 1053991 and 1?
1
Calculate the highest common factor of 110284 and 316.
316
Calculate the greatest common factor of 142 and 187014.
142
Calculate the highest common factor of 628662 and 522.
174
What is the highest common divisor of 94 and 680278?
94
Calculate the highest common factor of 212728 and 40.
8
What is the highest common factor of 525 and 85800?
75
What is the greatest common factor of 24600 and 18?
6
Calculate the greatest common factor of 5733 and 236145.
273
What is the greatest common divisor of 27 and 1025937?
9
Calculate the highest common divisor of 15517 and 71273.
263
Calculate the greatest common factor of 1401746 and 1168.
146
Calculate the highest common divisor of 16 and 131128.
8
What is the greatest common divisor of 5280 and 1549020?
660
What is the greatest common divisor of 23002 and 742?
742
Calculate the greatest common divisor of 77 and 259941.
11
What is the highest common factor of 8427 and 237?
3
Calculate the highest common factor of 9 and 489.
3
Calculate the greatest common factor of 75858 and 564.
282
Calculate the greatest common factor of 15022 and 518000.
518
What is the highest common factor of 1620 and 7980?
60
What is the highest common divisor of 315 and 512127?
63
What is the highest common factor of 752 and 515026?
94
Calculate the greatest common divisor of 560 and 22288.
112
Calculate the highest common divisor of 2516 and 7276.
68
What is the greatest common divisor of 533540 and 1680?
140
Calculate the greatest common divisor of 5400 and 61911.
27
Calculate the greatest common divisor of 13391 and 2.
1
What is the highest common factor of 14175 and 108?
27
What is the highest common divisor of 691323 and 141?
141
What is the greatest common factor of 3843344 and 16?
16
What is the highest common factor of 22833 and 5547?
129
What is the highest common divisor of 6534 and 20933?
121
Calculate the greatest common factor of 6 and 1382.
2
What is the greatest common factor of 299 and 3133?
13
What is the greatest common divisor of 71 and 89389?
71
What is the greatest common factor of 480471 and 153?
51
Calculate the highest common divisor of 28560 and 74715.
255
What is the highest common factor of 52428 and 3927?
51
Calculate the highest common divisor of 822345 and 10.
5
Calculate the highest common divisor of 41128 and 388.
388
What is the highest common divisor of 51779 and 7?
7
Calculate the greatest common factor of 8071002 and 324.
162
Calculate the greatest common divisor of 52 and 182884.
52
Calculate the greatest common divisor of 17 and 322099.
17
Calculate the highest common factor of 124030 and 5966.
314
What is the greatest common factor of 715 and 220?
55
What is the greatest common divisor of 94 and 2583214?
94
Calculate the greatest common divisor of 28872 and 1152.
72
What is the highest common factor of 220 and 393140?
220
What is the greatest common factor of 575872 and 1760?
352
Calculate the highest common divisor of 16966 and 1921.
17
What is the highest common divisor of 1840 and 41630?
230
Calculate the highest common divisor of 990 and 790416.
198
What is the greatest common divisor of 1 and 2171?
1
Calculate the highest common divisor of 440 and 27819.
11
Calculate the highest common divisor of 1315608 and 12.
12
Calculate the greatest common divisor of 202 and 457934.
202
Calculate the greatest common divisor of 205338 and 14.
14
Calculate the highest common divisor of 20108 and 154.
22
What is the greatest common factor of 21199 and 9331?
43
What is the highest common factor of 73526 and 35626?
758
What is the highest common divisor of 1006488 and 567?
63
What is the greatest common factor of 61707 and 21507?
201
What is the highest common factor of 12038 and 4?
2
Calculate the greatest common factor of 3185 and 367255.
245
Calculate the highest common divisor of 81 and 2811429.
81
Calculate the greatest common divisor of 54 and 716.
2
Calculate the greatest common factor of 7800 and 27.
3
Calculate the highest common divisor of 158186 and 14.
14
What is the highest common factor of 2013 and 28365?
183
Calculate the greatest common divisor of 1494 and 9009.
9
Calculate the greatest common factor of 339409 and 56.
7
Calculate the highest common factor of 20296 and 344.
344
What is the highest common factor of 2331 and 27528?
111
Calculate the greatest common divisor of 13899 and 369.
123
What is the highest common factor of 4 and 521278?
2
Calculate the greatest common divisor of 332843 and 119.
119
Calculate the greatest common divisor of 24 and 588.
12
What is the highest common divisor of 6877 and 364?
13
Calculate the highest common factor of 11 and 1082873.
11
What is the greatest common factor of 738 and 4022100?
738
What is the highest common divisor of 981 and 108237?
327
What is the greatest common divisor of 40 and 21792?
8
Calculate the greatest common divisor of 10 and 972260.
10
What is the highest common factor of 134 and 297547?
67
Calculate the greatest common factor of 1113 and 4179.
21
What is the greatest common divisor of 30685 and 6745?
95
Calculate the hig